ate the greatest common factor of 20 and 1531630.
10
What is the highest common factor of 133 and 242459?
133
Calculate the greatest common factor of 550550 and 3630.
1210
What is the highest common factor of 265140 and 144?
36
What is the highest common factor of 219 and 3163236?
219
What is the highest common divisor of 3375 and 60000?
375
Calculate the highest common divisor of 1809 and 8643.
201
Calculate the greatest common divisor of 2177 and 2.
1
What is the greatest common divisor of 10208 and 17226?
638
Calculate the greatest common factor of 3025 and 1315.
5
Calculate the highest common divisor of 52 and 193882.
26
What is the highest common divisor of 560 and 10535?
35
Calculate the greatest common divisor of 21 and 15099.
21
Calculate the greatest common factor of 1750 and 244000.
250
Calculate the greatest common divisor of 84660 and 7860.
60
What is the highest common factor of 22 and 1006?
2
Calculate the greatest common divisor of 3654 and 165474.
522
Calculate the highest common factor of 3741 and 35467.
29
Calculate the highest common divisor of 3243494 and 106.
106
What is the greatest common factor of 45 and 99985?
5
Calculate the greatest common factor of 706951 and 161.
161
Calculate the highest common factor of 131409 and 162.
27
What is the highest common divisor of 110 and 202125?
55
What is the greatest common factor of 65360 and 64?
16
Calculate the greatest common divisor of 183644 and 372.
124
What is the greatest common factor of 40 and 49064?
8
Calculate the highest common divisor of 4035 and 4875625.
1345
Calculate the highest common factor of 1416003 and 339.
339
Calculate the greatest common factor of 30 and 79098.
6
Calculate the highest common factor of 64 and 105056.
32
Calculate the highest common factor of 27 and 799173.
27
What is the greatest common divisor of 524 and 120?
4
What is the greatest common factor of 1768 and 14824?
136
Calculate the greatest common factor of 1856 and 1328.
16
Calculate the highest common factor of 565 and 30.
5
Calculate the greatest common divisor of 339720 and 1520.
760
What is the highest common factor of 6655 and 5203?
121
Calculate the greatest common factor of 160 and 98920.
40
Calculate the greatest common divisor of 1144 and 7384.
104
What is the greatest common divisor of 501 and 5177?
167
Calculate the greatest common factor of 341 and 12793.
11
Calculate the highest common divisor of 314680 and 560.
40
Calculate the greatest common factor of 10 and 35110.
10
What is the greatest common factor of 349293 and 28?
7
What is the highest common factor of 37467 and 4761?
207
What is the greatest common divisor of 402 and 6756?
6
What is the highest common divisor of 46210 and 10?
10
Calculate the greatest common factor of 2360 and 21535.
295
Calculate the greatest common divisor of 29714 and 4654.
358
What is the greatest common factor of 120 and 193380?
60
Calculate the greatest common divisor of 1804 and 1364.
44
Calculate the highest common factor of 132 and 39666.
66
What is the highest common divisor of 308541 and 57?
57
Calculate the highest common factor of 975252 and 536.
268
What is the greatest common divisor of 176127 and 14?
7
What is the greatest common factor of 177805 and 989?
43
Calculate the greatest common factor of 46770 and 12.
6
What is the highest common divisor of 659218 and 7?
7
What is the greatest common divisor of 5409408 and 12?
12
Calculate the greatest common factor of 1545 and 81267.
309
Calculate the highest common factor of 37981 and 76.
19
Calculate the highest common divisor of 124323 and 174.
87
Calculate the highest common divisor of 1950 and 103857.
39
Calculate the highest common divisor of 1645 and 2611.
7
What is the greatest common factor of 441381 and 501?
501
Calculate the greatest common factor of 195729 and 1590.
159
What is the greatest common factor of 1700 and 3703450?
850
Calculate the greatest common divisor of 172940 and 20.
20
Calculate the greatest common factor of 1001 and 5551.
91
Calculate the greatest common factor of 3168 and 750.
6
Calculate the highest common divisor of 8073 and 517569.
897
What is the highest common factor of 1385912 and 88?
88
Calculate the greatest common divisor of 4 and 168014.
2
Calculate the highest common factor of 604652 and 4.
4
Calculate the greatest common divisor of 780 and 15652.
52
What is the highest common divisor of 479673 and 20070?
2007
Calculate the highest common divisor of 7 and 122773.
7
What is the highest common divisor of 172824 and 1368?
456
What is the highest common divisor of 3195 and 27?
9
What is the greatest common factor of 42 and 59626?
14
What is the greatest common factor of 556 and 5269212?
556
Calculate the highest common divisor of 232 and 14332.
4
What is the greatest common divisor of 2662064 and 204?
68
What is the highest common divisor of 6984 and 1605?
3
Calculate the highest common divisor of 246 and 17384.
82
What is the highest common divisor of 1574287 and 715?
143
Calculate the greatest common factor of 371 and 553.
7
What is the greatest common divisor of 1760 and 2860?
220
Calculate the highest common divisor of 97108 and 20.
4
What is the greatest common factor of 106704 and 84942?
702
Calculate the highest common factor of 333 and 468.
9
What is the highest common factor of 3185 and 192010?
455
Calculate the highest common divisor of 23359 and 188.
47
Calculate the highest common factor of 3636 and 17856.
36
Calculate the highest common factor of 185 and 2759090.
185
What is the greatest common divisor of 17248 and 80080?
1232
Calculate the highest common divisor of 396036 and 342.
342
What is the greatest common factor of 53824 and 5336?
232
What is the greatest common divisor of 33516 and 1881?
171
What is the greatest common divisor of 107144 and 8?
8
Calculate the greatest common divisor of 621 and 153927.
27
Calculate the highest common factor of 304 and 646.
38
Calculate the highest common divisor of 33706 and 133.
19
Calculate the greatest common divisor of 414526 and 2030.
406
Calculate the highest common divisor of 1056572 and 11.
11
Calculate the highest common divisor of 234 and 270712.
26
Calculate the highest common divisor of 14860 and 25.
5
What is the greatest common divisor of 76427 and 39?
13
What is the highest common factor of 2165 and 49?
1
What is the greatest common divisor of 2273343 and 423?
141
What is the greatest common divisor of 55432 and 468?
52
Calculate the highest common factor of 78957 and 186.
93
Calculate the highest common divisor of 156 and 4419.
3
What is the greatest common divisor of 528 and 20088?
24
Calculate the highest common divisor of 10 and 900715.
5
What is the greatest common divisor of 17017 and 693?
77
Calculate the greatest common factor of 9 and 1712187.
9
What is the greatest common divisor of 1355 and 279672?
271
Calculate the highest common divisor of 23572 and 1136.
284
What is the greatest common factor of 807 and 8?
1
Calculate the highest common divisor of 180 and 7785.
45
What is the greatest common factor of 648168 and 6453?
717
Calculate the greatest common factor of 242944 and 7904.
416
What is the greatest common divisor of 2634 and 252?
6
What is the greatest common divisor of 38 and 417943?
19
Calculate the highest common factor of 390 and 1505.
5
Calculate the greatest common divisor of 35846 and 22.
2
Calculate the highest common divisor of 7987 and 220213.
1141
What is the highest common factor of 2152 and 6?
2
Calculate the greatest common factor of 660 and 3124.
44
Calculate the highest common factor of 2730 and 4160.
130
What is the greatest common factor of 12 and 940314?
6
What is the greatest common factor of 102340 and 430?
430
What is the highest common factor of 3815704 and 58?
58
Calculate the highest common factor of 251085 and 5.
5
Calculate the greatest common factor of 1892 and 31046.
86
Calculate the highest common factor of 462 and 18900.
42
Calculate the greatest common divisor of 5562 and 3996.
54
What is the greatest common divisor of 14 and 10346?
14
Calculate the greatest common divisor of 36 and 1024920.
36
What is the highest common factor of 42 and 62685?
21
What is the highest common factor of 40171 and 834?
139
Calculate the greatest com